{"id":1441,"date":"2024-04-25T17:51:52","date_gmt":"2024-04-25T15:51:52","guid":{"rendered":"https:\/\/vitaldent.diga-33.com\/es\/clinica-dental\/?page_id=1441"},"modified":"2024-12-11T14:41:36","modified_gmt":"2024-12-11T13:41:36","slug":"malaga","status":"publish","type":"page","link":"https:\/\/vitaldent.diga-33.com\/es\/clinica-dental\/malaga","title":{"rendered":"M\u00e1laga"},"content":{"rendered":"","protected":false},"excerpt":{"rendered":"","protected":false},"author":2,"featured_media":0,"parent":0,"menu_order":0,"comment_status":"closed","ping_status":"closed","template":"","meta":{"footnotes":""},"class_list":["post-1441","page","type-page","status-publish","hentry"],"yoast_head":"<!-- This site is optimized with the Yoast SEO plugin v24.2 - https:\/\/yoast.com\/wordpress\/plugins\/seo\/ -->\n<title>Cl\u00ednicas Dentales en M\u00e1laga - Dentistas Vitaldent en M\u00e1laga<\/title>\n<meta name=\"description\" content=\"Cl\u00ednicas dentales Vitaldent en M\u00e1laga \u21e8 Pide tu cita online y ponte en manos del equipo de Dentistas que te ayudar\u00e1n a cuidar tu salud dental \u00a1Pide cita!\" \/>\n<meta name=\"robots\" content=\"noindex, follow, max-snippet:-1, max-image-preview:large, max-video-preview:-1\" \/>\n<meta property=\"og:locale\" content=\"es_ES\" \/>\n<meta property=\"og:type\" content=\"article\" \/>\n<meta property=\"og:title\" content=\"Cl\u00ednicas Dentales en M\u00e1laga - Dentistas Vitaldent en M\u00e1laga\" \/>\n<meta property=\"og:description\" content=\"Cl\u00ednicas dentales Vitaldent en M\u00e1laga \u21e8 Pide tu cita online y ponte en manos del equipo de Dentistas que te ayudar\u00e1n a cuidar tu salud dental \u00a1Pide cita!\" \/>\n<meta property=\"og:url\" content=\"https:\/\/vitaldent.diga-33.com\/es\/clinica-dental\/malaga\" \/>\n<meta property=\"og:site_name\" content=\"Clinicas Vitaldent\" \/>\n<meta property=\"article:modified_time\" content=\"2024-12-11T13:41:36+00:00\" \/>\n<meta name=\"twitter:card\" content=\"summary_large_image\" \/>\n<script type=\"application\/ld+json\" class=\"yoast-schema-graph\">{\"@context\":\"https:\/\/schema.org\",\"@graph\":[{\"@type\":\"WebPage\",\"@id\":\"https:\/\/vitaldent.diga-33.com\/es\/clinica-dental\/malaga\",\"url\":\"https:\/\/vitaldent.diga-33.com\/es\/clinica-dental\/malaga\",\"name\":\"Cl\u00ednicas Dentales en M\u00e1laga - Dentistas Vitaldent en M\u00e1laga\",\"isPartOf\":{\"@id\":\"https:\/\/vitaldent.diga-33.com\/es\/clinica-dental\/#website\"},\"datePublished\":\"2024-04-25T15:51:52+00:00\",\"dateModified\":\"2024-12-11T13:41:36+00:00\",\"description\":\"Cl\u00ednicas dentales Vitaldent en M\u00e1laga \u21e8 Pide tu cita online y ponte en manos del equipo de Dentistas que te ayudar\u00e1n a cuidar tu salud dental \u00a1Pide cita!\",\"breadcrumb\":{\"@id\":\"https:\/\/vitaldent.diga-33.com\/es\/clinica-dental\/malaga#breadcrumb\"},\"inLanguage\":\"es\",\"potentialAction\":[{\"@type\":\"ReadAction\",\"target\":[\"https:\/\/vitaldent.diga-33.com\/es\/clinica-dental\/malaga\"]}]},{\"@type\":\"BreadcrumbList\",\"@id\":\"https:\/\/vitaldent.diga-33.com\/es\/clinica-dental\/malaga#breadcrumb\",\"itemListElement\":[{\"@type\":\"ListItem\",\"position\":1,\"name\":\"Inicio\",\"item\":\"https:\/\/vitaldent.diga-33.com\/es\/clinica-dental\/\"},{\"@type\":\"ListItem\",\"position\":2,\"name\":\"M\u00e1laga\"}]},{\"@type\":\"WebSite\",\"@id\":\"https:\/\/vitaldent.diga-33.com\/es\/clinica-dental\/#website\",\"url\":\"https:\/\/vitaldent.diga-33.com\/es\/clinica-dental\/\",\"name\":\"Clinicas Vitaldent\",\"description\":\"\",\"publisher\":{\"@id\":\"https:\/\/vitaldent.diga-33.com\/es\/clinica-dental\/#organization\"},\"potentialAction\":[{\"@type\":\"SearchAction\",\"target\":{\"@type\":\"EntryPoint\",\"urlTemplate\":\"https:\/\/vitaldent.diga-33.com\/es\/clinica-dental\/?s={search_term_string}\"},\"query-input\":{\"@type\":\"PropertyValueSpecification\",\"valueRequired\":true,\"valueName\":\"search_term_string\"}}],\"inLanguage\":\"es\"},{\"@type\":\"Organization\",\"@id\":\"https:\/\/vitaldent.diga-33.com\/es\/clinica-dental\/#organization\",\"name\":\"Clinicas Vitaldent\",\"url\":\"https:\/\/vitaldent.diga-33.com\/es\/clinica-dental\/\",\"logo\":{\"@type\":\"ImageObject\",\"inLanguage\":\"es\",\"@id\":\"https:\/\/vitaldent.diga-33.com\/es\/clinica-dental\/#\/schema\/logo\/image\/\",\"url\":\"https:\/\/vitaldent.diga-33.com\/es\/clinica-dental\/wp-content\/uploads\/2024\/03\/logo.svg\",\"contentUrl\":\"https:\/\/vitaldent.diga-33.com\/es\/clinica-dental\/wp-content\/uploads\/2024\/03\/logo.svg\",\"caption\":\"Clinicas Vitaldent\"},\"image\":{\"@id\":\"https:\/\/vitaldent.diga-33.com\/es\/clinica-dental\/#\/schema\/logo\/image\/\"}}]}<\/script>\n<!-- \/ Yoast SEO plugin. -->","yoast_head_json":{"title":"Cl\u00ednicas Dentales en M\u00e1laga - Dentistas Vitaldent en M\u00e1laga","description":"Cl\u00ednicas dentales Vitaldent en M\u00e1laga \u21e8 Pide tu cita online y ponte en manos del equipo de Dentistas que te ayudar\u00e1n a cuidar tu salud dental \u00a1Pide cita!","robots":{"index":"noindex","follow":"follow","max-snippet":"max-snippet:-1","max-image-preview":"max-image-preview:large","max-video-preview":"max-video-preview:-1"},"og_locale":"es_ES","og_type":"article","og_title":"Cl\u00ednicas Dentales en M\u00e1laga - Dentistas Vitaldent en M\u00e1laga","og_description":"Cl\u00ednicas dentales Vitaldent en M\u00e1laga \u21e8 Pide tu cita online y ponte en manos del equipo de Dentistas que te ayudar\u00e1n a cuidar tu salud dental \u00a1Pide cita!","og_url":"https:\/\/vitaldent.diga-33.com\/es\/clinica-dental\/malaga","og_site_name":"Clinicas Vitaldent","article_modified_time":"2024-12-11T13:41:36+00:00","twitter_card":"summary_large_image","schema":{"@context":"https:\/\/schema.org","@graph":[{"@type":"WebPage","@id":"https:\/\/vitaldent.diga-33.com\/es\/clinica-dental\/malaga","url":"https:\/\/vitaldent.diga-33.com\/es\/clinica-dental\/malaga","name":"Cl\u00ednicas Dentales en M\u00e1laga - Dentistas Vitaldent en M\u00e1laga","isPartOf":{"@id":"https:\/\/vitaldent.diga-33.com\/es\/clinica-dental\/#website"},"datePublished":"2024-04-25T15:51:52+00:00","dateModified":"2024-12-11T13:41:36+00:00","description":"Cl\u00ednicas dentales Vitaldent en M\u00e1laga \u21e8 Pide tu cita online y ponte en manos del equipo de Dentistas que te ayudar\u00e1n a cuidar tu salud dental \u00a1Pide cita!","breadcrumb":{"@id":"https:\/\/vitaldent.diga-33.com\/es\/clinica-dental\/malaga#breadcrumb"},"inLanguage":"es","potentialAction":[{"@type":"ReadAction","target":["https:\/\/vitaldent.diga-33.com\/es\/clinica-dental\/malaga"]}]},{"@type":"BreadcrumbList","@id":"https:\/\/vitaldent.diga-33.com\/es\/clinica-dental\/malaga#breadcrumb","itemListElement":[{"@type":"ListItem","position":1,"name":"Inicio","item":"https:\/\/vitaldent.diga-33.com\/es\/clinica-dental\/"},{"@type":"ListItem","position":2,"name":"M\u00e1laga"}]},{"@type":"WebSite","@id":"https:\/\/vitaldent.diga-33.com\/es\/clinica-dental\/#website","url":"https:\/\/vitaldent.diga-33.com\/es\/clinica-dental\/","name":"Clinicas Vitaldent","description":"","publisher":{"@id":"https:\/\/vitaldent.diga-33.com\/es\/clinica-dental\/#organization"},"potentialAction":[{"@type":"SearchAction","target":{"@type":"EntryPoint","urlTemplate":"https:\/\/vitaldent.diga-33.com\/es\/clinica-dental\/?s={search_term_string}"},"query-input":{"@type":"PropertyValueSpecification","valueRequired":true,"valueName":"search_term_string"}}],"inLanguage":"es"},{"@type":"Organization","@id":"https:\/\/vitaldent.diga-33.com\/es\/clinica-dental\/#organization","name":"Clinicas Vitaldent","url":"https:\/\/vitaldent.diga-33.com\/es\/clinica-dental\/","logo":{"@type":"ImageObject","inLanguage":"es","@id":"https:\/\/vitaldent.diga-33.com\/es\/clinica-dental\/#\/schema\/logo\/image\/","url":"https:\/\/vitaldent.diga-33.com\/es\/clinica-dental\/wp-content\/uploads\/2024\/03\/logo.svg","contentUrl":"https:\/\/vitaldent.diga-33.com\/es\/clinica-dental\/wp-content\/uploads\/2024\/03\/logo.svg","caption":"Clinicas Vitaldent"},"image":{"@id":"https:\/\/vitaldent.diga-33.com\/es\/clinica-dental\/#\/schema\/logo\/image\/"}}]}},"_links":{"self":[{"href":"https:\/\/vitaldent.diga-33.com\/es\/clinica-dental\/wp-json\/wp\/v2\/pages\/1441","targetHints":{"allow":["GET"]}}],"collection":[{"href":"https:\/\/vitaldent.diga-33.com\/es\/clinica-dental\/wp-json\/wp\/v2\/pages"}],"about":[{"href":"https:\/\/vitaldent.diga-33.com\/es\/clinica-dental\/wp-json\/wp\/v2\/types\/page"}],"author":[{"embeddable":true,"href":"https:\/\/vitaldent.diga-33.com\/es\/clinica-dental\/wp-json\/wp\/v2\/users\/2"}],"replies":[{"embeddable":true,"href":"https:\/\/vitaldent.diga-33.com\/es\/clinica-dental\/wp-json\/wp\/v2\/comments?post=1441"}],"version-history":[{"count":1,"href":"https:\/\/vitaldent.diga-33.com\/es\/clinica-dental\/wp-json\/wp\/v2\/pages\/1441\/revisions"}],"predecessor-version":[{"id":1442,"href":"https:\/\/vitaldent.diga-33.com\/es\/clinica-dental\/wp-json\/wp\/v2\/pages\/1441\/revisions\/1442"}],"wp:attachment":[{"href":"https:\/\/vitaldent.diga-33.com\/es\/clinica-dental\/wp-json\/wp\/v2\/media?parent=1441"}],"curies":[{"name":"wp","href":"https:\/\/api.w.org\/{rel}","templated":true}]}}